309
Convert 203144000 (base 5) to base 15.
1172ba
What is 266535003 (base 7) in base 8?
101701716
-14157060 (base 10) to base 11
-7a9a455
-10213541 (base 6) to base 12
-1242b1
What is -401122141 (base 5) in base 14?
-2d2b6c
Convert 20211102121111 (base 3) to base 4.
31312100320
What is 414326 (base 9) in base 2?
111100000010110100
What is 11213312 (base 5) in base 12?
4a5b6
86aa9 (base 14) to base 4
1033210031
Convert -1055522 (base 7) to base 16.
-2022e
11112222101 (base 3) to base 12
43a6a
-1d6e02 (base 15) to base 5
-332102102
Convert -12010122002212 (base 3) to base 10.
-2728724
-42044110 (base 6) to base 2
-100101001101001001010
What is 131332320013 (base 4) in base 7?
123543430
-1d7177 (base 14) to base 7
-11660610
-30663016 (base 7) to base 6
-131240251
What is -208038a (base 11) in base 10?
-3660711
-300201041 (base 5) to base 11
-735286
What is -574408 (base 9) in base 6?
-11214312
678b31 (base 13) to base 16
255738
Convert -708cdc (base 16) to base 14.
-da011a
322001320212 (base 4) to base 16
e81e26
What is 52000444 (base 6) in base 16?
16c8ac
What is -591215 (base 12) in base 5?
-331322232
What is 30240422 (base 6) in base 11?
538727
d2d79 (base 15) to base 13
1a5020
-6788 (base 16) to base 2
-110011110001000
What is 284272 (base 9) in base 16?
2a6a1
111000010001000111 (base 2) to base 10
230471
13b5a64 (base 13) to base 16
5fa2e0
What is -1021221001221 (base 3) in base 6?
-22422511
33364166 (base 7) to base 11
16a4227
Convert 2073317 (base 9) to base 6.
35452411
23ce7 (base 16) to base 10
146663
Convert 221ca1 (base 15) to base 13.
44c284
What is -111011302012 (base 4) in base 10?
-5528710
-533014541 (base 6) to base 14
-136263b
-8548 (base 13) to base 3
-221100111
45959 (base 11) to base 14
1a28c
What is -1383cc4 (base 13) in base 9?
-12555504
What is -35077732 (base 9) in base 2?
-1000001000100011111001010
What is -1a71434 (base 12) in base 8?
-25344050
-1000111101111001010010 (base 2) to base 15
-316769
-5134020 (base 7) to base 9
-1134673
Convert -b47964 (base 12) to base 14.
-53a8d6
Convert 469b1d (base 16) to base 3.
22201002100212
What is 110101101111101 (base 2) in base 9?
41664
What is -74966 (base 12) in base 14?
-3dcbc
451402 (base 9) to base 12
110348
182223 (base 12) to base 7
3362043
What is 11c14b (base 13) in base 4?
1220013102
What is 103212013 (base 5) in base 2?
1101100100011011001
What is 3132310302 (base 4) in base 13?
25c56c
What is 18340c4 (base 13) in base 2?
11110000110101101001000
-451445 (base 7) to base 12
-3a225
-1110000101111110100110 (base 2) to base 9
-6850812
Convert -136302 (base 11) to base 9.
-354557
-11000100001100111010 (base 2) to base 11
-4a9874
What is 62557 (base 10) in base 12?
30251
Convert -20110201200 (base 4) to base 7.
-24353142
-2142415 (base 8) to base 15
-b5458
What is -33121 (base 14) in base 8?
-361471
Convert 1012212 (base 7) to base 9.
203680
Convert 4654337 (base 10) to base 5.
2142414322
What is 1469b8 (base 12) in base 9?
573265
6111251 (base 7) to base 8
2611113
Convert 1a906a (base 13) to base 9.
1241310
-228673 (base 13) to base 15
-112747
43077125 (base 8) to base 2
100011000111111001010101
What is 769a32 (base 11) in base 10?
1228427
What is 1100111110001011011 (base 2) in base 11?
270390
-367602 (base 13) to base 8
-4756210
1010111112120 (base 3) to base 4
2102210220
Convert 166055 (base 11) to base 8.
765657
344942 (base 14) to base 6
102052234
What is 100100110001101111 (base 2) in base 13?
53748
-6612601 (base 8) to base 6
-102013253
What is -2460434 (base 7) in base 12?
-133655
What is -71764 (base 15) in base 8?
-1275773
Convert 1299712 (base 10) to base 12.
528194
Convert -13780 (base 15) to base 14.
-18a85
31302603 (base 8) to base 14
c5296b
What is 53563 (base 12) in base 16?
1ac5b
Convert -113103202312 (base 4) to base 8.
-27234266
Convert -16203402 (base 8) to base 10.
-3737346
What is -123234114 (base 5) in base 14?
-119773
Convert -82084 (base 14) to base 12.
-131118
Convert -1140342224 (base 5) to base 14.
-4d666b
What is -705533 (base 12) in base 14?
-3382b5
What is -100101111111010111 (base 2) in base 4?
-211333113
Convert 315264 (base 7) to base 2.
1101010110011001
-11202000002012 (base 3) to base 13
-6a2a25
-20a335 (base 11) to base 6
-11110405
What is 46dcd (base 15) in base 5?
24211433
-2017348 (base 10) to base 8
-7544104
-660009 (base 10) to base 11
-410969
What is -6f533 (base 16) in base 6?
-13435015
What is 4016 (base 8) in base 11?
1605
What is -a1106 (base 13) in base 16?
-464ee
What is 1212022010112 (base 3) in base 16?
f1b7d
What is -6645523 (base 8) in base 7?
-21130013
2007b (base 15) to base 14
28d26
What is -264475 (base 15) in base 13?
-4c41b6
What is a561a (base 13) in base 7?
2346506
What is -552777 (base 9) in base 15?
-67c4a
Convert -536873 (base 9) to base 13.
-b2878
Convert -24384550 (base 9) to base 3.
-211102211121200
-58751a (base 14) to base 12
-1015904
-8647aa (base 12) to base 13
-5944b1
Convert 105434 (base 8) to base 6.
432512
What is 112795 (base 11) in base 3?
100002221221
What is 6170075 (base 8) in base 15?
2243ca
Convert 323231322 (base 4) to base 13.
87447
36365750 (base 8) to base 5
4021141443
Convert a1dccc (base 14) to base 15.
72b3c5
-62b5 (base 12) to base 7
-43316
Convert -50124033 (base 6) to base 5.
-330122213
-11102200000 (base 3) to base 15
-1acac
-122303112 (base 5) to base 12
-244283
-101011100100010011001 (base 2) to base 6
-50333145
-104315166 (base 7) to base 9
-12746263
1402662 (base 9) to base 10
769637
Convert -3065632 (base 7) to base 3.
-200202200221
-1a25116 (base 11) to base 4
-31002200202
1574804 (base 11) to base 5
1141414344
Convert -3421cb (base 14) to base 13.
-4a1017
What is 27302 (base 11) in base 10?
38964
What is -74128 (base 11) in base 2?
-11010010110111010
-1ef6c0 (base 16) to base 8
-7573300
Convert 2877584 (base 10) to base 5.
1214040314
What is -312012 (base 5) in base 10?
-10257
Convert -1021214 (base 7) to base 15.
-26638
Convert -532a92 (base 11) to base 6.
-30141435
What is 3507626 (base 8) in base 5?
221014022
What is 18051 (base 16) in base 9?
158856
What is -100111111011111000 (base 2) in base 16?
-27ef8
What is -2110121021110 (base 3) in base 8?
-5000337
197bb (base 15) to base 10
82751
What is 31130000303 (base 4) in base 16?
35c033
What is -1012031340 (base 5) in base 9?
-3786074
What is 2350250 (base 7) in base 16?
48b81
What is -2400353 (base 8) in base 16?
-a00eb
What is 2110201 (base 5) in base 8?
104353
Convert 7a43b (base 13) to base 15.
45e68
What is 164294 (base 13) in base 14?
1051bc
What is 913553 (base 16) in base 14?
139a0cb
125312 (base 7) to base 8
55670
16a366 (base 11) to base 4
1000013302
Convert -1413341342 (base 5) to base 6.
-210142430
Convert 111120102110 (base 3) to base 15.
54233
-11100011101110010011000 (base 2) to base 13
-1713611
What is -23233201113 (base 4) in base 11?
-18127a2
What is 340200443 (base 5) in base 15?
1e6a83
What is -12fb0a (base 16) in base 13?
-347259
What is -4378807 (base 9) in base 16?
-23f07d
Convert -55c7cc (base 13) to base 10.
-2026985
What is 1010011101101000100100 (base 2) in base 7?
32212363
1b7003a (base 14) to base 9
27722754
-2103301 (base 7) to base 6
-5232334
What is 23738420 (base 9) in base 16?
b0fe65
194845 (base 10) to base 4
233210131
114817 (base 9) to base 8
207106
What is 4e1a82 (base 16) in base 4?
103201222002
-3151212 (base 6) to base 5
-14421040
What is 1215373 (base 8) in base 15?
6920c
What is -465414 (base 7) in base 4?
-110121210
What is 8546 (base 12) in base 7?
60363
Convert 211321122 (base 4) to base 9.
255833
Convert -167213 (base 11) to base 12.
-1056b2
937 (base 12) to base 2
10100111011
-4564819 (base 10) to base 5
-2132033234
-206396 (base 14) to base 2
-100001010110011100000
What is 310013213 (base 4) in base 16?
341e7
Convert 14628c1 (base 14) to base 6.
552331121
Convert -102ff (base 16) to base 4.
-100023333
What is -337286 (base 10) in base 14?
-8acbc
What is -10a32ab (base 14) in base 8?
-36161447
What is -28a587 (base 11) in base 4?
-1232221320
What is -56584 (base 10) in base 7?
-323653
Convert -214102400 (base 5) to base 4.
-3201322212
Convert -1832694 (base 11) to base 2.
-1011110110101000110111
Convert 326576 (base 13) to base 4.
10201111211
What is 10220012110 (base 3) in